16*l = -39*l - 275. What are the prime factors of j(l)?
211
Let o(j) = 61*j**2 - 113*j + 1055. List the prime factors of o(9).
13, 383
Let o(w) = 3*w + 838*w**2 + 3 - 837*w**2 - 2*w + 6*w**3. Let s(a) = a**2 - 6*a + 2. Let l be s(6). List the prime factors of o(l).
3, 19
Let i(b) = -b**3 - 36*b**2 + 498*b - 82. What are the prime factors of i(-50)?
2, 5009
Let c(t) = 1217*t + 3398. List the prime factors of c(23).
3, 10463
List the prime factors of 11720 - 0 - (5 - (-22)/(-5))*-10.
2, 11, 13, 41
Let w = 25402 + -6346. What are the prime factors of w?
2, 3, 397
Let z = -56 + 192. List the prime factors of 0 + (-6)/16 - (-188819)/z.
2, 347
Let a(l) be the second derivative of -109*l**3/3 + 27*l**2 - 280*l. List the prime factors of a(-8).
2, 29, 31
Suppose 3*n + 14*i - 8484 = 10*i, -i = -5*n + 14186. List the prime factors of n.
2, 709
Suppose 3*v = -4*n + 4026, -2124 - 901 = -3*n - 5*v. Let u = n - 577. What are the prime factors of u?
2, 107
Suppose 111960 = -348*l + 359*l - 291685. What are the prime factors of l?
5, 41, 179
Let h(z) = -12*z + 196. Let w be h(-34). Suppose 5*g - 3*f = 1260 + 1754, -g = -f - w. What are the prime factors of g?
601
Let x = 247 - 225. Suppose -3*z = -y - 1678, -x + 2 = 5*y. List the prime factors of z.
2, 3, 31
Suppose -2*v = -5*i + 11395, 4*v = -2*i - 1166 + 5700. What are the prime factors of i?
3, 11, 23
Let c = -14 + 16. Let o(w) = 64*w**3 - 3*w**2 - 1. List the prime factors of o(c).
499
Let h = -7745 - -30277. List the prime factors of h.
2, 43, 131
Let d be (-5 + 3 - -4 - 3)*27. Let h = 102 + d. What are the prime factors of h?
3, 5
Suppose 87*o - 86*o - 7029 = -2*y, 0 = -5*o - 3*y + 35166. List the prime factors of o.
3, 5, 7, 67
Let q = 399 - 398. Let n(c) = 175*c + 26. What are the prime factors of n(q)?
3, 67
Suppose 2*w + 34516 = 3*a, 5*w + 22 + 3 = 0. List the prime factors of a.
2, 3, 71
Let l be (0 - -4) + -5 + 10 + -2. Let z(f) = -27*f - l + f + 12 + 0. List the prime factors of z(-5).
3, 5
Suppose 4*t - 66132 = -4*l, 0 = -l - 124*t + 127*t + 16545. What are the prime factors of l?
2, 3, 13, 53
Suppose -3*d - 9 + 72 = 0. Let z = d + -28. What are the prime factors of -2 - z - ((-3)/3 + 4)?
2
Let b(u) = -36*u**3 - 38*u - 190. List the prime factors of b(-4).
2, 11, 103
Suppose -4*d + 46 = -398. Let t = 435 - d. List the prime factors of t.
2, 3
Let h = -62 + 62. Let p(y) = -2*y + 325. What are the prime factors of p(h)?
5, 13
Let p(k) = -40*k**2 - 268*k + 1. List the prime factors of p(-5).
11, 31
Let y = 160 + -151. List the prime factors of (4/(-2) + y)/(17/119).
7
Suppose 45 = -3*r + 39, 0 = -4*u + 5*r + 66. List the prime factors of (-6)/u + (-672)/(-196).
3
Let l = 93572 - 52524. What are the prime factors of l?
2, 7, 733
Suppose -85*z + 6298 - 1358 = -2880. What are the prime factors of z?
2, 23
Let p = -2431 - -4763. What are the prime factors of p?
2, 11, 53
Suppose -18 = -3*l, -5*j - 27*l + 25*l + 13112 = 0. What are the prime factors of j?
2, 5, 131
Let f = 12 + 1. Let a(n) = -n**2 + 12*n + 17. Let i be a(f). Suppose -5 = z, -2*z - 3*z = i*u - 419. List the prime factors of u.
3, 37
Suppose 2*i = 2*w - 4, 0*i + 2*i - 8 = -w. Suppose -523 = -i*k + d + 1410, -4*k + 4*d + 3864 = 0. List the prime factors of k.
967
Let n(m) = 28*m**2 + 8*m - 32. What are the prime factors of n(8)?
2, 3, 19
Suppose -3*f - r + 60286 = 12035, -2*f - 3*r = -32165. What are the prime factors of f?
2, 4021
Suppose 5*b = 10 - 0. Suppose -b*n = 7*o - 3*o, -o = -n - 6. Suppose 5*j = 0, o*j = -d + 3*d - 66. List the prime factors of d.
3, 11
Let f be ((-162)/45 + 8)*10/4. Suppose 8*r = -f*r + 2337. What are the prime factors of r?
3, 41
Let f(j) = -106*j**3 - 3*j - 5. Suppose -3*i + 5 = c + 10, 4*i - 4 = 4*c. List the prime factors of f(i).
2, 13
Suppose -8645 = -123*a + 118*a. List the prime factors of a.
7, 13, 19
Let p(k) = 183*k**2 + 594*k + 195. What are the prime factors of p(-15)?
2, 3, 5, 541
Let v(x) = 80 + 70*x - 44*x - 39*x. List the prime factors of v(-18).
2, 157
Suppose q + 4*b + 34 = -5, 5*q + 129 = 2*b. Let c = q - -27. Suppose 5*v + 165 = 4*t, -5*t + c*v = 2*v - 231. List the prime factors of t.
3, 5
Let c = -29695 - -48141. List the prime factors of c.
2, 23, 401
Suppose 0 = 4*w + 1 - 9. Suppose -2 = -2*f + 2*n, -1 + w = -f - n. Suppose f = 39*g - 36*g - 276. List the prime factors of g.
2, 23
Suppose a - 139 = -149. What are the prime factors of (-2)/((-50)/(-15)) + (-6886)/a?
2, 43
Let f = 864 - 480. Suppose -f = -0*x - 4*x. Let a = 216 - x. List the prime factors of a.
2, 3, 5
Let z(x) = 4*x + 7 - 17*x**3 - 21 + 12 + x**2. Let v = -216 - -214. List the prime factors of z(v).
2, 5, 13
Suppose 3*v = -4*y + 5*v + 40962, -5*y + 4*v + 51207 = 0. List the prime factors of y.
3, 3413
Let m(j) = -6*j + 220. Let c(q) = 6*q - 223. Let y(r) = -3*c(r) - 2*m(r). What are the prime factors of y(-20)?
349
Let y(z) = -z**3 + 22*z**2 - 120*z + 14. Let s be y(12). Suppose -d = 5*w - 367, 15*d - w = s*d + 391. List the prime factors of d.
3, 43
Suppose -404*i + 5298 = -401*i + 4*k, 4*i - 7008 = 4*k. What are the prime factors of i?
2, 3, 293
Let r = -73 + 65. List the prime factors of -6 - 170/4*r.
2, 167
Let q(p) = -p**3 - 41*p**2 - 409*p - 191. What are the prime factors of q(-35)?
2, 3, 1129
Suppose 2*j + 5*l = 6*j - 115492, 11*l = 15*l. List the prime factors of j.
13, 2221
Suppose 2 = g - 3*g. Let m(d) = 74*d**2 + 5*d - 36*d**2 + 5 - 20*d**3 - 57*d**3 - 38*d**2. What are the prime factors of m(g)?
7, 11
Suppose -10*z + 12*z = 20. Suppose 0 = 4*n + p - 20, -2*n + z = p + 2*p. Suppose -t = -0*q - 4*q + 106, n*q - 131 = 2*t. What are the prime factors of q?
3
Let a = -204 - -415. Let b = 424 - a. What are the prime factors of b?
3, 71
Let m = 373 - 371. Suppose 9*p + m*q = 6*p + 2576, 0 = 4*p - 5*q - 3450. What are the prime factors of p?
2, 5, 43
Let g be (-9 + 3)/(2/7*7). Let p(f) be the second derivative of -29*f**3/6 - 5*f**2/2 - 4*f. What are the prime factors of p(g)?
2, 41
Suppose q + 8 = -q. Let r(b) be the first derivative of 5*b**3/3 + 7*b**2/2 + 4*b + 14. What are the prime factors of r(q)?
2, 7
Suppose -5*t = -60*m + 59*m - 20693, 4*m + 12 = 0. List the prime factors of t.
2, 2069
Suppose 0*z - 2*z - 94 = 0. Let n = z + 48. List the prime factors of 5287/85 + n/(-5).
2, 31
Let b(m) = 127*m + 137. Let w be b(13). Suppose 0 = -8*g + 12*g - w. List the prime factors of g.
3, 149
Let o be 56/3*3*(7 - 1). Let u = o + -123. Let a = u + -96. What are the prime factors of a?
3, 13
Let b(c) = c**3 - 14*c**2 + 12*c + 16. Let h be b(13). Suppose -136 = -x + 2*n, -h*n = -2*x + 365 - 96. What are the prime factors of x?
2, 5, 13
Let i(t) be the first derivative of t**4/4 + 34*t**3/3 + 31*t**2/2 + 66*t + 7. What are the prime factors of i(-33)?
2, 3, 11
Let d = 6934 - 2132. List the prime factors of (-50)/125 + d/5.
2, 3, 5
Let l be 2/((-12)/(-14)) - 9/27. Let b be 210/l + (2 - 4). Suppose 3*c + b - 343 = 0. List the prime factors of c.
2, 5
Suppose -6 = 2*m - 10*a + 5*a, -4*m + 3*a = -2. Suppose 2*r + m*r - 4*w - 100 = 0, -3*w = -4*r + 103. What are the prime factors of (0 + r)*6/7?
2, 3
Let o(l) be the second derivative of -10*l**3/3 - 7*l**2 - 4*l. Suppose -65 = -p - 68. List the prime factors of o(p).
2, 23
Suppose -c = -133 - 48. Let f = c + -62. What are the prime factors of f?
7, 17
Let p be -5*24/(-20) + -1. Suppose 8*z = p*z + 15. What are the prime factors of 5/(z/6)*70/4?
3, 5, 7
Let w(t) = 169*t**2 - 4*t + 1. Let s be w(3). Suppose j - 12 = -9, 4*l + 3*j + 23 = 0. List the prime factors of l/(-32) + 1 + s/8.
2, 5, 19
Suppose -1350 = 100*u - 106*u. Suppose l + k = u, -7*k = l - 5*k - 227. List the prime factors of l.
223
Let h(q) = 9*q**2 + 13*q - 33. Let l(i) = -5*i**2 - 7*i + 16. Let w(g) = 3*h(g) + 5*l(g). Suppose 2*r = 9 + 3. What are the prime factors of w(r)?
7, 11
List the prime factors of 250776/5 + -3 + (-224)/(-80).
5, 7, 1433
Let v be (9/3*17)/(24 - 25). Let x(g) = 9*g. Let z be x(-5). Let l = z - v. What are the prime factors of l?
2, 3
Let l = 319 - 227. Let k = 93 - l. List the prime factors of 5/((-40)/(-1818)) - k/4.
227
Let t be 4090 + (2/7)/((-47)/329). Suppose -6*j = 644 - t. What are the prime factors of j?
2, 7, 41
Let g(k) = -k**3 + 27*k**2 - 8*k - 50. Let f(r) = -r**3 + 28*r**2